{"id":164,"date":"2024-02-07T09:12:35","date_gmt":"2024-02-07T09:12:35","guid":{"rendered":"http:\/\/www.math.akita-u.ac.jp\/ciaa2024\/?page_id=164"},"modified":"2024-02-13T00:28:30","modified_gmt":"2024-02-13T00:28:30","slug":"committees","status":"publish","type":"page","link":"http:\/\/www.math.akita-u.ac.jp\/ciaa2024\/index.php\/committees\/","title":{"rendered":"Committees"},"content":{"rendered":"\n<p><\/p>\n\n\n\n<h3 class=\"wp-block-heading\"><strong>Program Committee<\/strong><\/h3>\n\n\n\n<ul class=\"has-medium-font-size wp-block-list\">\n<li>Marie-Pierre B\u00e9al, Universit\u00e9 Paris-Est Marne-la-Vall\u00e9e, France<\/li>\n\n\n\n<li>Cezar C\u00e2mpeanu, University of Prince Edward Island, Canada<\/li>\n\n\n\n<li>Pascal Caron, University of Rouen Normandy, France<\/li>\n\n\n\n<li>Giuseppa Castiglione, University of Palermo, Italy<\/li>\n\n\n\n<li>Erzs\u00e9bet Csuhaj-Varj\u00fa, E\u00f6tv\u00f6s Lor\u00e1nd University, Hungary<\/li>\n\n\n\n<li>Frank Drewes, Ume\u00e5 University, Sweden<\/li>\n\n\n\n<li>\u00d6mer Egecioglu, University of California Santa Barbara, US<\/li>\n\n\n\n<li>Attila Egri-Nagy, Akita International University, Japan<\/li>\n\n\n\n<li>Szil\u00e1rd Zsolt Fazekas, Akita University, Japan (chair)<\/li>\n\n\n\n<li>Yo-Sub Han, Yonsei University, South Korea<\/li>\n\n\n\n<li>Markus Holzer, University of Giessen, Germany<\/li>\n\n\n\n<li>Jarkko Kari, University of Turku, Finland<\/li>\n\n\n\n<li>Manfred Kufleitner, University of Stuttgart, Germany<\/li>\n\n\n\n<li>Martin Kutrib, University of Giessen, Germany<\/li>\n\n\n\n<li>Galina Jir\u00e1skov\u00e1, Slovak Academy of Sciences, Slovakia<\/li>\n\n\n\n<li>Markus Lohrey, University of Siegen, Germany<\/li>\n\n\n\n<li>Sylvain Lombardy, LaBRI \u2014 CNRS \u2014 Institut Polytechnique de Bordeaux, France<\/li>\n\n\n\n<li>Andreas Maletti, University of Leipzig, Germany<\/li>\n\n\n\n<li>Andreas Malcher, University of Giessen, Germany<\/li>\n\n\n\n<li>Florin Manea, University of G\u00f6ttingen, Germany<\/li>\n\n\n\n<li>Sebastian Maneth, University of Bremen, Germany<\/li>\n\n\n\n<li>Ian McQuillan, University of Saskatchewan, Canada<\/li>\n\n\n\n<li>Brink van der Merwe, Stellenbosch University, South Africa<\/li>\n\n\n\n<li>Roland Meyer, Technical University of Braunschweig, Germany<\/li>\n\n\n\n<li>Victor Mitrana, Polytechnic University of Madrid, Spain<\/li>\n\n\n\n<li>Nelma Moreira, University of Porto, Portugal<\/li>\n\n\n\n<li>Franti\u0161ek Mr\u00e1z, Charles University, Czech Republic<\/li>\n\n\n\n<li>Benedek Nagy, Eastern Mediterranean University, Northern Cyprus<\/li>\n\n\n\n<li>Friedrich Otto, University of Kassel, Germany<\/li>\n\n\n\n<li>Giovanni Pighizzini, University of Milan, Italy<\/li>\n\n\n\n<li>Luca Prigioniero, Loughborough University, UK<\/li>\n\n\n\n<li>Rog\u00e9rio Reis, University of Porto, Portugal<\/li>\n\n\n\n<li>Michel Rigo, University of Li\u00e8ge, Belgium<\/li>\n\n\n\n<li>Kai Salomaa, Queen\u2019s University, Canada<\/li>\n\n\n\n<li>Shinnosuke Seki, University of Electro-Communications, Japan<\/li>\n\n\n\n<li>Ryoma Shinya, Akita University, Japan<\/li>\n\n\n\n<li>Nicholas Tran, Santa Clara University, US<\/li>\n\n\n\n<li>Gy\u00f6rgy Vaszil, University of Debrecen, Hungary<\/li>\n\n\n\n<li>Mikhail Volkov, Ural Federal University, Russia<\/li>\n\n\n\n<li>Hsu-Chun Yen, National Taiwan University, Taiwan<\/li>\n<\/ul>\n\n\n\n<p><\/p>\n\n\n\n<p class=\"has-medium-font-size\"><strong>Organizing Committee<\/strong><\/p>\n\n\n\n<p>\u2022 Szil\u00e1rd Zsolt Fazekas (Akita University)<br>\u2022 Shinnosuke Seki (University of Electro-Communications)<br>\u2022 Ryoma Shinya (Akita University)<br>\u2022 Akihiro Yamamura (Akita University)<\/p>\n","protected":false},"excerpt":{"rendered":"<p>Program Committee Organizing Committee \u2022 Szil\u00e1rd Zsolt Fazekas (Akita University)\u2022 Shinnosuke Seki (University of Electro-Communications)\u2022 Ryoma Shinya (Akita University)\u2022 Akihiro Yamamura (Akita University)<\/p>\n","protected":false},"author":2,"featured_media":0,"parent":0,"menu_order":0,"comment_status":"closed","ping_status":"closed","template":"","meta":{"footnotes":""},"class_list":["post-164","page","type-page","status-publish","hentry"],"_links":{"self":[{"href":"http:\/\/www.math.akita-u.ac.jp\/ciaa2024\/index.php\/wp-json\/wp\/v2\/pages\/164","targetHints":{"allow":["GET"]}}],"collection":[{"href":"http:\/\/www.math.akita-u.ac.jp\/ciaa2024\/index.php\/wp-json\/wp\/v2\/pages"}],"about":[{"href":"http:\/\/www.math.akita-u.ac.jp\/ciaa2024\/index.php\/wp-json\/wp\/v2\/types\/page"}],"author":[{"embeddable":true,"href":"http:\/\/www.math.akita-u.ac.jp\/ciaa2024\/index.php\/wp-json\/wp\/v2\/users\/2"}],"replies":[{"embeddable":true,"href":"http:\/\/www.math.akita-u.ac.jp\/ciaa2024\/index.php\/wp-json\/wp\/v2\/comments?post=164"}],"version-history":[{"count":5,"href":"http:\/\/www.math.akita-u.ac.jp\/ciaa2024\/index.php\/wp-json\/wp\/v2\/pages\/164\/revisions"}],"predecessor-version":[{"id":204,"href":"http:\/\/www.math.akita-u.ac.jp\/ciaa2024\/index.php\/wp-json\/wp\/v2\/pages\/164\/revisions\/204"}],"wp:attachment":[{"href":"http:\/\/www.math.akita-u.ac.jp\/ciaa2024\/index.php\/wp-json\/wp\/v2\/media?parent=164"}],"curies":[{"name":"wp","href":"https:\/\/api.w.org\/{rel}","templated":true}]}}